n?
4
Let o = -889 + 1502. What is the tens digit of o?
1
Let q = -1632 + 3847. What is the tens digit of q?
1
Suppose -5*r = -7 - 13. Let j = 12 - r. What is the units digit of j?
8
Let h = 19 - -231. What is the tens digit of h?
5
What is the units digit of -4 - (3*-130 - 4)?
0
Let k = -204 + 234. What is the units digit of k?
0
Let v = -143 - -745. What is the units digit of v?
2
Let s(f) = -14*f**2 - 5*f + 6. Let c be s(2). Let o = 33 - c. What is the tens digit of o?
9
What is the tens digit of (3 + (-2820)/(-9))/(9/27)?
4
What is the tens digit of 500 + -6 + 4/8*-2?
9
Let g be (49608/18)/(2 - 1). Suppose 560 = -12*y + g. What is the units digit of y?
3
Let n = -506 + 1578. What is the hundreds digit of n?
0
Let a be 7/(3 + 4/(-2)). Suppose 2*l - a*l + 305 = 0. What is the units digit of l?
1
Let s be (-1)/2 - 20/(-8). Suppose 2*b + 0*b + 5*a = -47, a - 28 = 3*b. What is the units digit of 3 - (s + b + 1)?
1
Let l be (2/((-8)/12))/(-3). Let t be l + -4 + 10 + -4. What is the units digit of (2/t)/(6/81)?
9
Let g = 102 - 97. Suppose 2*y + g*b = 92 + 207, -2*b - 2 = 0. What is the tens digit of y?
5
Let f(i) = i + 1. Let x be f(2). Suppose -4*o - u = -0*u - 15, x*u - 24 = -5*o. What is the tens digit of 49 - (o/(-3) + 2)?
4
Suppose -42*z + 36*z + 396 = 0. What is the tens digit of z?
6
Suppose -7*o + 9*o + 30 = 0. What is the units digit of (-88)/o + 4/30?
6
Let k = 331 - 117. What is the tens digit of k?
1
Let n(m) = -m**2 - 6*m - 5. Let q be n(-3). Suppose 0 = -q*x - 16 + 20. What is the units digit of x?
1
Let s(g) = g**3 + 13*g**2 + 10*g + 23. Let k be s(-10). Suppose -k - 155 = -6*z. What is the units digit of z?
3
Suppose -3*c + 3172 = 18*q - 14*q, -q + 4 = 0. What is the tens digit of c?
5
Let l(z) = z**2 + 9*z + 17. Let s be l(-7). Suppose 2*h = -2*h + 3*x - 7, 5*x - 31 = -s*h. Suppose -3*q - h*q = -300. What is the units digit of q?
0
Suppose -j = -2*j - x + 137, 5*x = -15. What is the tens digit of j?
4
Let f(x) = -4*x**3 + 5*x**2 - 44*x - 6. What is the units digit of f(-8)?
4
Let o(v) = 3*v**2 + 5*v + 16. Suppose y + 14 = 5. What is the units digit of o(y)?
4
Let x(j) = 2*j**3 + 28*j**2 - j - 9. Let a be x(-14). Suppose -a*z + 299 = -671. What is the tens digit of z?
9
Suppose 1230 = -44*r + 46*r. What is the hundreds digit of r?
6
Let f = -81 + 83. Let u be (-3)/(-3) - (-2)/2. Suppose -u*c - 77 = -f*i + 3*c, -42 = -i - c. What is the tens digit of i?
4
Let i(h) = -45*h + 37. What is the hundreds digit of i(-10)?
4
Suppose -c = 3*c, -5*t + 6440 = c. What is the units digit of t?
8
Let v be (-6)/(-10) + 58707/55. Suppose -2*g - 2*g = -v. Suppose 43 + g = 5*n. What is the units digit of n?
2
Let g(t) = -153*t - 504. What is the thousands digit of g(-27)?
3
Let b = -1240 - -2525. What is the thousands digit of b?
1
Let j be (-1)/(1 - (-12)/(-9)). Let z = j + -5. What is the units digit of (-2 - 1 - z)*-1?
1
Suppose -23*b - 2235 = -115648. What is the thousands digit of b?
4
Suppose -19*l - 4166 = -25237. What is the hundreds digit of l?
1
Let x be (-31 + 3)/(-2 + (-48)/(-23)). What is the tens digit of (-1 + x/(-10))*40/12?
0
Let y(m) = -m**2 + 29*m - 13. What is the units digit of y(6)?
5
Let s be (7/2 - 3)*10. Let o be 3 - (s + 2 + 1). Let d(p) = -4*p - 5. What is the tens digit of d(o)?
1
Let o(s) = -2*s + 4. Let r be o(9). Let z = r + 18. Suppose 0*v - 84 = -z*v - 4*c, -4*c = 12. What is the tens digit of v?
2
Let u be (-15 + 0 + 0)/((-24)/(-32)). Let b = u + 41. What is the units digit of b?
1
Let h = -1 + 6. Let i = h - 0. Let o = -1 + i. What is the units digit of o?
4
Suppose 2*t = 2*k - 5634, -5*k + 0*t + 2*t = -14073. What is the units digit of k?
3
Suppose 0 = -33*f - 14858 + 62246. What is the tens digit of f?
3
Let w = -71 + 297. Suppose w = 6*r - 212. What is the units digit of r?
3
Let o(r) = -5*r - 15. Let b be o(-9). Suppose 0 = -h + 2*h + b. What is the tens digit of 2/(-15) + (-994)/h?
3
Let d be -27*1/(-3)*1. Suppose 6*j + 363 = d*j. What is the tens digit of j?
2
Let h(y) = 22*y + 168. Let f(m) = 13 + 9*m + 20 + 31 + 3. Let x(j) = -12*f(j) + 5*h(j). What is the units digit of x(0)?
6
Let x = -38 + 42. Suppose -2*d + x*s + 56 = 3*s, -d + 2*s + 34 = 0. What is the units digit of d?
6
Let n(r) = r**3 - 9*r**2 + 16*r - 10. Let v be n(7). Let w(d) = 27*d. Let b be w(5). Suppose -b = -f - v*f. What is the tens digit of f?
2
Suppose -h = -34 - 67. What is the units digit of h?
1
Let b(c) = -c**3 + 8*c**2 + 6*c + 30. What is the tens digit of b(-8)?
0
Let c(r) = 10*r**3 - 2*r**2 - 5*r + 7. Let i(a) = 1 - a + a**3 - 8*a**2 + 8*a**2. Let x(o) = c(o) - 6*i(o). What is the tens digit of x(2)?
2
Suppose 10148 = 3*o + 5*v - 0*v, -5*o + 16926 = 2*v. What is the units digit of o?
6
Let h(p) = 4*p**2 - 4*p - 3. Let d(u) = u**3 - 9*u**2 - 4. Let f be d(9). What is the tens digit of h(f)?
7
Let i = -5 - -3. Let u be 5 + (4/6)/(1/(-3)). What is the tens digit of (i - -14) + u + -3?
1
Suppose -4*z + 18768 = -5*s + 7*s, z - 4683 = 4*s. What is the tens digit of z?
9
Let i(r) = r**3 + 25*r**2 - 19*r - 156. What is the hundreds digit of i(-25)?
3
Let q(l) = 10*l**3 - 3*l**2 + 7*l - 5. What is the tens digit of q(4)?
1
Suppose 27541 + 35559 = 10*y. What is the thousands digit of y?
6
Suppose 14*o - 27*o + 780 = 0. What is the units digit of o?
0
Suppose 5*s - 2*g = 736, -5*s - 129 = -3*g - 868. Suppose 0*c = -2*c + s. What is the tens digit of c?
7
Suppose 38*c - 46*c = -6936. What is the tens digit of c?
6
Let d be (1 - 2) + -5*38 - 3. What is the units digit of 0 + d*(0 + 2)/(-2)?
4
Let s(n) = -n**2 + n - 1. Let q(v) = v**2 + 6*v - 5. Let r(o) = -q(o) - 2*s(o). Let c be r(7). Suppose c = -3*i - 0 + 27. What is the units digit of i?
9
Suppose 0 = -0*z + 2*z + w - 899, -2240 = -5*z - 5*w. What is the hundreds digit of z?
4
Suppose 9*t - 8*t - 589 = 4*i, -t + i = -598. What is the units digit of t?
1
Let u(n) = 2*n + 93. What is the units digit of u(11)?
5
Let b = -10 + 62. Let u = -35 + b. What is the tens digit of u?
1
Let g = -402 + 524. What is the units digit of g?
2
Suppose 5*j - 19 = 6. What is the tens digit of 1 + j*8 - 0?
4
Let s(b) = -14*b + 30. What is the tens digit of s(-4)?
8
Suppose -5*w + 9 = -11. Suppose 3*y = -5*o + 106, 3*o - 3 = -w*y + 54. What is the units digit of o?
3
Let d(w) = 2*w**2 - 17*w - 24. Let u(h) = h**3 - 17*h**2 - 18*h + 17. Let l be u(18). What is the units digit of d(l)?
5
Let m = 75 + 291. What is the hundreds digit of m?
3
Let v(i) = -i**3 - 32*i**2 - 6*i - 6. What is the units digit of v(-32)?
6
Let q = -10 + 16. What is the tens digit of ((-20)/q)/(4/(-90))?
7
Suppose 0*m = 3*m + 4*z - 13, -2*z - 21 = -m. Let l(f) = 3*f**2 - 28*f - 13. What is the units digit of l(m)?
2
Let o(c) = -1. Let i(f) = 5*f + 3. Let l(r) = -i(r) - 3*o(r). Suppose -11 = -n - 3*j, -5*j + 25 = -0*j. What is the units digit of l(n)?
0
Let v(d) = d + 3. Suppose -5*k - 26 = 9. Let h be v(k). What is the units digit of (18/15)/(h/(-60))?
8
Let b = -59 + 53. Let i(l) = l**3 + 9*l**2 + 5*l + 17. What is the tens digit of i(b)?
9
Suppose -2*p + 7*p + 20 = 0. Let z be 32/24*6/p. Let s(i) = 2*i**2 - i + 1. What is the units digit of s(z)?
1
Suppose -6*x + 3*x - 3*v = 3, -v = -5*x + 19. What is the hundreds digit of -4 - ((-462)/2 + x)?
2
Let n(s) = -160*s. Let r be n(-4). Suppose -51*w = -56*w + r. What is the hundreds digit of w?
1
Let l be 4824/60 + (-6)/(-10). Suppose 2*g - 2*y = 250, g - 52 = 5*y + l. What is the tens digit of g?
2
Suppose 0 = 49*h - 47*h - 1848. What is the tens digit of h?
2
Let r(v) = -13*v**2 + 19*v - 8. Let a be r(5). What is the tens digit of (-2 - a) + 0 - -5?
4
Let k(h) = -3*h - 28. Let w be k(-12). Suppose -l = 5*o - w, 3*l + 0*o - 5*o = 44. What is the tens digit of l?
1
Suppose 172*l = 165*l + 3094. What is the hundreds digit of l?
4
Let x = 22 - 13. Suppose -3*n - 33 = -x*g + 4*g, -g - 11 = n. Let l(d) = -2*d + 13. What is the units digit of l(n)?
5
Suppose 0*w + 4130 = 3*c - 2*w, 3*c - 5*w = 4142. What is the hundreds digit of c?
3
Let a(t) = t**3 - 5*t**2 + 4*t + 3. Let m be a(4). Suppose 167 = -m*n - 4*l, -2*n - l = 3*l + 114. Let f = -9 - n. What is the tens digit of f?
4
Suppose 4*y + 116 = u, u = -0*y + 2*y + 120. Let k = u + -47. What is the tens digit of k?
7
Let r = -10 + 78. Suppose 0*i